 common divisor of 130 and 230?
10
What is the greatest common factor of 854 and 2074?
122
What is the highest common factor of 1770 and 150?
30
What is the highest common divisor of 18 and 414?
18
What is the greatest common factor of 31 and 961?
31
Calculate the highest common factor of 129 and 2021.
43
What is the highest common factor of 792 and 22?
22
What is the highest common divisor of 34 and 153?
17
What is the greatest common factor of 13 and 157?
1
Calculate the highest common divisor of 300 and 1600.
100
Calculate the greatest common divisor of 540 and 120.
60
What is the greatest common factor of 88 and 2904?
88
What is the greatest common divisor of 128 and 25408?
64
Calculate the highest common factor of 48 and 304.
16
What is the greatest common divisor of 440 and 2728?
88
What is the greatest common factor of 72 and 48?
24
What is the highest common factor of 64 and 656?
16
Calculate the highest common factor of 511 and 292.
73
Calculate the greatest common divisor of 105 and 63.
21
What is the highest common factor of 11 and 12034?
11
Calculate the highest common divisor of 60 and 15.
15
Calculate the greatest common factor of 4065 and 45.
15
What is the greatest common divisor of 2 and 42?
2
What is the highest common factor of 12742 and 46?
46
What is the highest common factor of 1222 and 3224?
26
What is the highest common factor of 4444 and 33?
11
Calculate the highest common factor of 1264 and 304.
16
What is the greatest common divisor of 10076 and 44?
44
Calculate the greatest common factor of 2 and 1654.
2
Calculate the greatest common factor of 6 and 38.
2
Calculate the highest common factor of 17 and 68.
17
What is the highest common factor of 4 and 226?
2
What is the highest common factor of 50 and 2880?
10
What is the greatest common factor of 268 and 2077?
67
Calculate the highest common factor of 35 and 15.
5
What is the highest common factor of 992 and 32?
32
Calculate the highest common divisor of 7622 and 74.
74
What is the highest common divisor of 21804 and 414?
138
What is the greatest common divisor of 960 and 48?
48
Calculate the greatest common divisor of 122 and 104.
2
Calculate the greatest common factor of 47 and 423.
47
Calculate the greatest common factor of 16 and 56.
8
What is the highest common divisor of 5781 and 1353?
123
Calculate the greatest common factor of 1900 and 10.
10
Calculate the greatest common factor of 99 and 142956.
99
Calculate the greatest common factor of 6 and 9.
3
What is the highest common divisor of 3992 and 8?
8
Calculate the greatest common divisor of 284 and 71.
71
Calculate the highest common factor of 120 and 330.
30
What is the greatest common divisor of 22 and 3014?
22
What is the greatest common divisor of 222 and 407?
37
Calculate the highest common divisor of 900 and 7425.
225
What is the highest common divisor of 212 and 2332?
212
What is the highest common divisor of 91 and 42?
7
Calculate the greatest common divisor of 392 and 49.
49
What is the highest common divisor of 711 and 729?
9
What is the highest common factor of 30 and 714?
6
What is the greatest common factor of 45 and 135?
45
Calculate the greatest common factor of 2944 and 46.
46
What is the highest common divisor of 30 and 930?
30
Calculate the greatest common factor of 100 and 175.
25
What is the greatest common factor of 5 and 9690?
5
What is the greatest common divisor of 65 and 25?
5
What is the highest common factor of 76 and 15504?
76
Calculate the highest common factor of 496 and 868.
124
What is the greatest common factor of 18699 and 138?
69
What is the highest common factor of 2240 and 64?
64
What is the greatest common divisor of 43 and 4343?
43
What is the greatest common factor of 3735 and 90?
45
Calculate the greatest common divisor of 32 and 36.
4
Calculate the greatest common factor of 246 and 6.
6
Calculate the highest common divisor of 1149 and 6.
3
Calculate the highest common factor of 172 and 14276.
172
What is the highest common factor of 9963 and 243?
243
What is the greatest common divisor of 2370 and 60?
30
What is the highest common divisor of 30 and 200?
10
What is the greatest common factor of 248 and 96?
8
Calculate the highest common factor of 68 and 2006.
34
Calculate the highest common factor of 138 and 230.
46
Calculate the highest common factor of 26 and 169.
13
Calculate the greatest common divisor of 414 and 18.
18
What is the highest common factor of 108 and 612?
36
What is the highest common factor of 51 and 87?
3
Calculate the greatest common factor of 13 and 949.
13
What is the highest common factor of 45 and 10485?
45
What is the greatest common divisor of 93 and 496?
31
What is the highest common factor of 1577 and 38?
19
What is the highest common factor of 17325 and 198?
99
Calculate the highest common factor of 16 and 7408.
16
What is the greatest common factor of 828 and 6164?
92
Calculate the highest common divisor of 1148 and 738.
82
Calculate the greatest common divisor of 310 and 50.
10
Calculate the greatest common factor of 104 and 32.
8
Calculate the greatest common factor of 196 and 84.
28
Calculate the highest common divisor of 833 and 272.
17
What is the greatest common factor of 681 and 227?
227
Calculate the greatest common factor of 757 and 1.
1
What is the highest common factor of 11 and 187?
11
Calculate the greatest common divisor of 284 and 1349.
71
What is the highest common factor of 1407 and 399?
21
What is the greatest common divisor of 187 and 1969?
11
What is the greatest common factor of 1586 and 39?
13
Calculate the highest common factor of 2120 and 1325.
265
Calculate the greatest common factor of 46 and 4.
2
Calculate the highest common divisor of 48 and 1494.
6
Calculate the greatest common divisor of 1166 and 66.
22
Calculate the highest common factor of 40 and 155.
5
Calculate the highest common factor of 66669 and 313.
313
Calculate the greatest common factor of 189 and 672.
21
What is the greatest common factor of 16 and 3824?
16
Calculate the greatest common divisor of 60 and 2148.
12
Calculate the greatest common divisor of 429 and 957.
33
Calculate the greatest common factor of 1980 and 1210.
110
What is the highest common divisor of 41325 and 285?
285
What is the greatest common divisor of 1349 and 19?
19
Calculate the highest common divisor of 136 and 16.
8
Calculate the highest common factor of 3321 and 41.
41
Calculate the highest common divisor of 7 and 882.
7
Calculate the greatest common divisor of 336 and 49.
7
Calculate the greatest common divisor of 18 and 36.
18
What is the greatest common factor of 9230 and 13?
13
What is the highest common factor of 868 and 140?
28
Calculate the highest common divisor of 1407 and 67.
67
What is the greatest common divisor of 68 and 170?
34
Calculate the greatest common divisor of 255 and 3468.
51
Calculate the highest common factor of 57 and 3363.
57
Calculate the highest common divisor of 2090 and 76.
38
Calculate the highest common factor of 28798 and 308.
154
Calculate the highest common divisor of 342 and 304.
38
Calculate the highest common divisor of 24 and 744.
24
What is the highest common divisor of 60 and 180?
60
What is the greatest common factor of 14 and 1?
1
Calculate the highest common divisor of 495 and 90.
45
Calculate the greatest common factor of 100 and 860.
20
What is the greatest common divisor of 1007 and 19?
19
What is the highest common factor of 1591 and 1333?
43
Calculate the highest common divisor of 393 and 2489.
131
Calculate the highest common factor of 957 and 22649.
319
Calculate the highest common factor of 220 and 495.
55
Calculate the greatest common divisor of 154 and 2828.
14
Calculate the highest common factor of 520 and 182.
26
What is the highest common divisor of 14784 and 384?
192
What is the highest common divisor of 120 and 6216?
24
What is the greatest common divisor of 94 and 60630?
94
What is the greatest common factor of 9480 and 16?
8
What is the greatest common factor of 564 and 348?
12
What is the highest common factor of 5459 and 53?
53
What is the greatest common factor of 98 and 2842?
98
Calculate the greatest common factor of 96 and 24.
24
What is the greatest common factor of 16 and 272?
16
Calculate the high